highest common divisor of 684913 and 34.
17
Calculate the highest common factor of 3363 and 76.
19
What is the highest common factor of 312 and 230568?
312
Calculate the highest common factor of 69420 and 801.
267
What is the highest common divisor of 8 and 21824?
8
Calculate the greatest common divisor of 514 and 607034.
514
Calculate the highest common factor of 1102880 and 80.
80
What is the greatest common factor of 6743 and 407?
11
Calculate the highest common divisor of 20126 and 116.
58
Calculate the highest common factor of 2148 and 20376.
12
Calculate the highest common factor of 722483 and 34.
17
What is the greatest common divisor of 2583 and 56457?
369
What is the greatest common divisor of 1437 and 3?
3
Calculate the highest common divisor of 15 and 493755.
15
What is the greatest common divisor of 3464 and 26?
2
Calculate the highest common factor of 160 and 33664.
32
What is the highest common divisor of 8264 and 40?
8
Calculate the greatest common divisor of 64 and 203936.
32
What is the highest common divisor of 874 and 63526?
46
Calculate the greatest common factor of 403 and 3081.
13
Calculate the greatest common factor of 24705 and 126.
9
Calculate the greatest common divisor of 70820 and 380.
20
What is the highest common factor of 401873 and 395?
79
What is the highest common factor of 1830 and 470615?
305
What is the highest common divisor of 49 and 4483059?
49
What is the greatest common factor of 515 and 48719?
103
Calculate the greatest common divisor of 1892 and 148049.
473
What is the greatest common divisor of 7485508 and 1643?
1643
What is the highest common divisor of 61 and 647149?
61
What is the greatest common divisor of 42065 and 235385?
895
Calculate the greatest common divisor of 6842 and 154.
22
Calculate the highest common divisor of 91233 and 1635.
327
Calculate the greatest common factor of 150 and 1680.
30
What is the highest common factor of 424 and 56021?
53
What is the highest common divisor of 180936 and 378?
126
What is the greatest common factor of 22605 and 165?
165
What is the highest common divisor of 65 and 1311934?
13
Calculate the highest common factor of 2582131 and 662.
331
Calculate the greatest common divisor of 14120 and 5260.
20
What is the highest common divisor of 8484 and 6447?
21
What is the highest common divisor of 244215 and 54?
27
Calculate the greatest common divisor of 8 and 961480.
8
What is the highest common factor of 29864 and 192?
8
Calculate the highest common factor of 4080 and 36312.
408
Calculate the greatest common divisor of 143 and 1703.
13
What is the greatest common factor of 44 and 20306?
22
Calculate the highest common factor of 15948 and 657.
9
What is the highest common factor of 107046 and 1767?
57
What is the highest common factor of 37 and 3145?
37
Calculate the greatest common factor of 3584 and 408128.
448
What is the highest common divisor of 320 and 110380?
20
What is the greatest common factor of 1485 and 7535?
55
Calculate the greatest common divisor of 6783 and 3423.
21
Calculate the greatest common divisor of 215 and 21887.
43
Calculate the greatest common divisor of 14 and 36274.
14
Calculate the highest common divisor of 14 and 988372.
14
Calculate the greatest common divisor of 9646 and 936.
26
Calculate the highest common divisor of 29557 and 22.
11
Calculate the greatest common factor of 412 and 548990.
206
What is the highest common factor of 1494 and 3652?
166
Calculate the greatest common divisor of 30 and 187490.
10
Calculate the highest common factor of 72 and 33246.
18
Calculate the highest common factor of 535 and 235.
5
What is the highest common factor of 11272 and 8?
8
Calculate the greatest common factor of 15 and 1420570.
5
Calculate the highest common factor of 1490 and 2800.
10
What is the greatest common factor of 650 and 810?
10
What is the highest common factor of 9340 and 1580?
20
What is the highest common divisor of 262 and 735434?
262
Calculate the highest common divisor of 735 and 4473.
21
Calculate the greatest common divisor of 280 and 70140.
140
What is the highest common divisor of 85851 and 18?
9
Calculate the greatest common factor of 27055 and 70.
35
Calculate the greatest common factor of 1425005 and 1030.
515
What is the highest common divisor of 3712 and 164?
4
Calculate the greatest common factor of 312 and 90805.
13
Calculate the highest common factor of 11770494 and 334.
334
What is the highest common factor of 1180616 and 136?
136
What is the highest common divisor of 15957 and 78997?
197
Calculate the greatest common factor of 3393 and 6699.
87
What is the greatest common divisor of 41 and 6929?
41
Calculate the greatest common factor of 2000 and 64250.
250
What is the highest common divisor of 275621 and 8959?
527
What is the greatest common divisor of 1995 and 13440?
105
Calculate the highest common factor of 163361 and 11.
11
What is the greatest common factor of 2043177 and 237?
237
Calculate the greatest common divisor of 17331 and 3657.
159
Calculate the highest common divisor of 3909 and 1695.
3
Calculate the highest common divisor of 418 and 8503792.
418
Calculate the highest common divisor of 11 and 8779.
1
What is the greatest common divisor of 12192 and 42164?
508
What is the highest common divisor of 378 and 13699?
7
What is the greatest common factor of 56446 and 104?
26
What is the highest common divisor of 165393 and 102?
51
What is the highest common divisor of 155 and 69378?
31
What is the greatest common factor of 10 and 437405?
5
What is the highest common factor of 1975 and 1525?
25
Calculate the highest common factor of 264 and 1595.
11
Calculate the highest common factor of 265 and 940909.
53
Calculate the highest common factor of 63704 and 16.
8
What is the greatest common factor of 19331 and 7709?
13
What is the greatest common divisor of 116396 and 35?
7
Calculate the highest common divisor of 13280 and 39010.
830
Calculate the highest common divisor of 418 and 99.
11
Calculate the greatest common divisor of 8910 and 825.
165
Calculate the greatest common divisor of 772289 and 49.
49
Calculate the greatest common factor of 13476 and 24.
12
Calculate the highest common divisor of 29 and 4407739.
29
Calculate the greatest common factor of 1910 and 510.
10
What is the highest common divisor of 36380 and 2568?
428
What is the highest common divisor of 24 and 7915836?
12
What is the greatest common divisor of 14023 and 12128?
379
What is the greatest common factor of 315 and 19755?
45
What is the greatest common factor of 273 and 44031?
39
Calculate the greatest common factor of 40315 and 165.
55
Calculate the greatest common factor of 13321 and 3553.
11
Calculate the greatest common divisor of 12668406 and 1446.
1446
Calculate the greatest common factor of 679 and 3144449.
679
Calculate the highest common divisor of 118953 and 36.
9
What is the greatest common factor of 24582 and 376683?
723
Calculate the highest common divisor of 970 and 118825.
485
What is the greatest common divisor of 2650 and 41870?
530
What is the highest common factor of 1962 and 4014?
18
Calculate the highest common divisor of 255958 and 2.
2
What is the highest common divisor of 35 and 25872?
7
Calculate the highest common factor of 30450 and 38976.
1218
Calculate the greatest common divisor of 1682320 and 25.
5
Calculate the greatest common divisor of 10097 and 16243.
439
What is the greatest common divisor of 90440 and 7562?
38
Calculate the highest common factor of 120 and 4464780.
60
What is the greatest common divisor of 756 and 15012?
108
Calculate the highest common divisor of 8022 and 13251.
21
Calculate the highest common factor of 452 and 1252.
4
Calculate the greatest common factor of 1683 and 5042829.
561
What is the greatest common divisor of 45 and 82773?
9
Calculate the highest common factor of 48 and 185600.
16
Calculate the highest common factor of 10145 and 570.
5
What is the highest common divisor of 167 and 95357?
167
What is the highest common divisor of 11480 and 5822?
82
Calculate the greatest common divisor of 294151 and 1430.
143
What is the greatest common factor of 91 and 58674?
7
What is the greatest common factor of 24 and 31488?
24
Calculate the greatest common divisor of 40